+ -34.
-22
(2 - (-1 + 8 + 1 - 8)) + 10
12
What is -5 + (2 - (19 - 18))?
-4
Calculate (-4 - ((4 - 5) + 4) - 0) + 25.
18
What is -24 + 11 + (26 - 18)?
-5
What is (-10 - 9) + 15 + -4?
-8
What is the value of 5 - 1 - (15 - 35 - -14)?
10
Evaluate -13 - ((-8 + -4 + 6 - -10) + -6).
-11
38 + -2 + -181 + 162
17
Calculate 4 + 2 - (-1 + 1 + -2 - -3).
5
What is the value of 4 + -14 + 14 - -2?
6
Evaluate -20 + 2 - (0 + (18 - 30)).
-6
(2 - -10) + -16 + (-3 - -8) + 10
11
What is the value of -1 + 9 - (9 + -4 - -1)?
2
What is the value of 8 + 8 + -36 - -16?
-4
2 + 5 + (-27 - -13)
-7
-5 + 6 + -14 + -1 - -43
29
Evaluate 1 + 18 + -332 + 308.
-5
-1 + 1 + -1 + (-43 - -12 - -38)
6
-4 - (4 - (12 - 5 - 4)) - -14
9
Evaluate (-19 - (-16 + 1)) + -13.
-17
What is the value of 16 + -6 + 38 + -2 + -17?
29
-3 + 11 + -81 + 83 - (2 - 11)
19
What is 13 - (-29 - -19 - -34)?
-11
What is 20 - (-12 - (17 - 29))?
20
Evaluate -29 + -10 + 26 - (-6 - -1).
-8
Evaluate (1 - -4) + (-12 - 29) + 18.
-18
What is 0 - (8 - (19 + 1 + 12))?
24
Calculate (1 - -20) + -23 + 8 + 0.
6
What is (-1 - 0 - 1) + -19 + 14 + 8?
1
What is the value of -2 + (3 - -15) - 25?
-9
Evaluate (67 - 47) + (-7 - 9).
4
Calculate 13 + -3 + 2 + -3 - 9.
0
What is the value of -7 + (12 - 14) + (15 - 1)?
5
What is 8 + -13 + 22 + -4 - 3?
10
What is the value of (14 - (22 - -2)) + (0 - (-1 - -3))?
-12
What is -2 + (-2 + -8 - (1 + -2 - -7))?
-18
(3 - 16) + 4 + 6 + 5 + 0
2
-16 + (25 - 2) + -31
-24
What is the value of -33 + -2 - (86 - 96)?
-25
Evaluate 5 - (11 - (4 + -13 + -1 - -12)).
-4
Evaluate (-15 - (-8 - -1)) + (5 - -2).
-1
Evaluate 1 - (8 + -4) - (270 + -267).
-6
2 + -2 + 0 - -2 - 14
-12
Evaluate 2 - (-7 - 4) - (-1 - -3).
11
What is (-13 - (17 + -15 - 23)) + -28?
-20
What is the value of -2 - ((-14 - -13) + (2 - 2))?
-1
What is the value of 167 + -179 - (-41 + 10)?
19
Evaluate (5 - (8 - (0 - -7))) + 7 - -1.
12
What is the value of -25 + (-23 - -40) + (2 - (-2 - -18))?
-22
What is (-2 - (-2 + 1 + -9) - 0) + 12?
20
What is -12 - -3 - (6 + (-2 - (25 - 0)))?
12
What is the value of (2 - (-6 - -13)) + 4 + 1 - -2?
2
Calculate -1 - (7 + -11 + 3).
0
What is 35 - (-36 - (-26 - 13))?
32
Evaluate (-6 - -21 - 35) + 12 + -1 + -3.
-12
What is (0 + 9 - (20 - (-20 + 32))) + 6?
7
Calculate -138 + 143 + (-1 + -1 + 6 - 1).
8
Evaluate 8 - (23 - 14 - 3) - (-3 - 16).
21
-29 + 6 + 31 + -6 + -5 + 7
4
What is (-1 - (2 - -3) - -11) + -3?
2
Calculate 2 + 3 + (0 - -1) + 0 + -3.
3
(-3 - (4 + 0) - -8) + -1 + 12
12
What is 10 - (-1 - (-5 - 11))?
-5
What is -9 + 8 - (2 - 17)?
14
(-2 - -3) + (12 - (18 + -10) - 3)
2
-153 - -146 - (3 + 0 + -17)
7
Evaluate 7 - (-14 - -4 - -10 - -32).
-25
Evaluate -2 + (2 - (3 - (-5 + 7))).
-1
12 + (-6 - ((4 - -10) + -5))
-3
What is 3 + -6 + -9 + 2 - -7?
-3
Evaluate -12 + 0 + (2 - 13) + -5.
-28
What is (-28 - -32) + 26 + -41?
-11
Evaluate -16 - (9 + (-10 - -8) - 12).
-11
What is 5 + 10 - (-2 + 12)?
5
Evaluate -5 + (-48 - -60 - (1 - -1)).
5
What is 6 + (-10 + 4 - -4) - (-1 + 5)?
0
What is -10 + 10 + -1 + 9 - (1 - 0)?
7
6 + -19 + (6 - -5) - -9
7
What is the value of 31 + -19 + -34 - (-1 + -10)?
-11
Calculate -18 - (-18 - -28 - -5).
-33
Calculate -26 + 3 + -14 + (3 - -6).
-28
-13 - (11 - (15 - -7))
-2
What is the value of (-10 + -5 + 8 - -10) + -15?
-12
-95 - -92 - (-2 - -2 - -1) - 2
-6
What is (-17 - -30 - 5) + 5 + -4?
9
Calculate 4 + -15 + (24 - 14) + (0 - 1).
-2
Evaluate 71 + -45 + 19 + -40.
5
What is the value of (-3 + (17 - 3) - (34 + 2)) + -4?
-29
Calculate -22 - -1 - (28 + -42).
-7
What is 7 - (4 + -11 + 16)?
-2
10 - (2 - 2 - 11 - -25)
-4
2 - 28 - (-46 - -16)
4
0 - (2 + -5 - -1)
2
0 + (0 - (-3 + 3) - 8)
-8
Evaluate 31 + (6 - 29) + -2 + 1 + -27.
-20
298 - 301 - (1 + 26)
-30
Calculate (6 - 41 - -31) + 1.
-3
Calculate (1 - 2) + -2 + (17 - (21 + -8)).
1
What is the value of -9 - -2 - -3 - (-17 + 1)?
12
What is (1 - (4 + -6)) + (11 - 11) + 5?
8
5 + -23 + (-14 - -6 - -2) + 2
-22
Calculate 612 + -626 - (-7 - 1).
-6
What is 6 + -15 + 0 + 2 - 5?
-12
Evaluate -12 - (2 - (-2 + (4 - -1))).
-11
What is -21 + -7 - ((5 - 10) + 6)?
-29
What is the value of -3 + 47 - (42 + -22)?
24
Calculate -13 - (13 + -7 + 3 + -5 + -4).
-13
Evaluate 1 - (33 - 1) - ((4 - -22) + -37).
-20
Calculate -9 + (13 + -22 - (0 + -3) - -10).
-5
Evaluate -2 - (0 - (-10 - -5)).
-7
Evaluate 79 - 85 - (2 + (-2 - 0) - -3).
-9
What is the value of (-8 - -3) + -7 + -3?
-15
What is the value of -14 + (12 - 33) + 34?
-1
22 + (0 - -7) - 4
25
Calculate 15 + (-40 - (13 + -11)).
-27
What is the value of -27 + 16 + (-1 - -11)?
-1
4 - (-13 - (16 - (5 + 15)))
13
What is the value of 2 - -4 - -2 - (-53 - -41)?
20
Calculate ((-7 - -1) + 4 - -12) + -2.
8
Evaluate 2 + 9 - (8 - 1) - (5 - -1).
-2
What is 0 + (-3 + -2 - (5 - 4 - 5))?
-1
Calculate (1 - -1 - (8 + -21 - -11)) + -4.
0
Calculate -14 + 28 - 22 - -5.
-3
-12 + (-17 - (15 + -33))
-11
Calculate 12 + -21 - -18 - 10.
-1
What is 12 - (-12 - (-14 + 15 + -24))?
1
What is 60 - 52 - (7 - 2)?
3
What is the value of 2 - 3 - (-4 + -4 - -1 - -8)?
-2
What is the value of -108 + 70 - (-57 - 2)?
21
What is the value of (-4 - 3 - 5) + (-2 + 6 - 1)?
-9
What is the value of 10 - (7 - (16 + -15) - -10)?
-6
Evaluate -22 - (-2 + -7 - 16).
3
Evaluate (2 + -8 - (-15 - (3 - 6))) + -9.
-3
-5 + (7 - (8 - (8 - 4)))
-2
-36 + 15 - -16 - 10
-15
What is the value of -39 + 5 + -13 - -21?
-26
What is the value of 18 + (4 - 16 - (-25 - -27))?
4
8 - ((-7 - -1) + (28 - 28))
14
Evaluate -7 - (12 - (17 + -20 + -3)).
-25
5 - 0 - (10 + -13 - (-11 + 0))
-3
Calculate -3 - ((-1 - -7) + (-27 + 27 - 2)).
-7
What is the value of 26 - (-22 + (0 - -60))?
-12
What is the value of 2 - (4 - (-6 + (-6 + -2 - 9)))?
-25
Calculate -26 + 28 + (-1 - 4).
-3
What is 33 + -25 + 0 - (-3 - -2 - 4)?
13
Evaluate -21 + 1 + 3 - (125 - 134).
-8
Evaluate (-2 - -18) + -4 + (37 - 38).
11
-4 + -7 + -9 - -13
-7
Calculate -3 - (-4 + 9) - -5 - (-12 - -9).
0
What is (1 - (2 + -1) - (-45 + 40)) + -13?
-8
Calculate 12 + 10 + (9 - 16).
15
Calculate 34 - (-3 + 18 - -5).
14
What is -1 + 0 + 10 - (-118 - -126)?
1
What is the value of (-1 - -3) + (-2 - (2 + -3))?
1
What is the value of (-11 - (-14 - -2)) + 12 - 6?
7
What is 23 - 20 - (-5 - -6)?
2
Calculate (-23 - -49 - 21) + 4.
9
What is (-3 - -2) + 5 - (17 - (36 + -17))?
6
Calculate (14 - 30 - -9) + 4.
-3
Evaluate 3 - 3 - (0 + (-5 + -1 - -7)).
-1
Evaluate -17 + (22 - (-1 - -13)).
-7
What is the value of 9 - (-31 + 0 + 15 + -5 + -1)?
31
(-13 - -14) + (1 - 3) - -11
10
What is the value of -233 + 219 + (-2 - -13)?
-3
What is the value of 34 - (-33 + 28) - 33?
6
Evaluate 2 - -1 - 0 - 12.
-9
What is the value of -3 + (20 - 2) + -13 + 10 - 0?
12
Evaluate -19 + 16 - (7 - 0).
-10
4 - (-7 + 4) - 1 - (103 + -116)
19
Evaluate (-17 + 42 - 15) + -40.
-30
Evaluate 0 + -14 - (-41 - -13).
14
Evaluate (0 - 6) + 11 + 0 + -5 + -8.
-8
What is -12 + ((-7 - -13) + -3 - -1)?
-8
What is the value of 7 - (4 - (-19 - -28))?
12
Calculate (-5 - 13 - 13) + 23.
-8
What is 7 - (-3 - 9 - -23)?
-4
-17 - (1 + -33) - 3
12
Calculate 10 - (-5 + (67 - 45 - (-8 + 1))).
-14
-1 + 1 - ((-3 - 11) + -10 + 20)
4
12 - (45 + (5 - (-4 + 22)))
-20
Evaluate (7 - 2 - -3) + -6 + -2 + 6.
6
What is the value of -12 + (7 - 16) + 14?
-7
Evaluate 4 - (0 - 9 - -11) - (2 + -23).
23
What is (9 - 47 - -12) + 18?
-8
Calculate 0 + -11 + (-163 - -174) - (30 + -2).
-28
Evaluate 18 - ((15 - -19) + -36).
20
Evaluate (-20 - 8) + 22 - ((-3 - -2) + 11).
-16
Evaluate 9 + 0 + -32 + 31.
8
Evaluate -4 + 2 + -2 - -5.
1
Evaluate (2 + -17 - (-20 - -23)) + -3.
-21
Evaluate 3 - (13 + -6 - 3) - (1 + -1).
-1
What is the value of 11 + (-58 - (-14 - 12))?
-21
(-26 - -70) + (-51 - -12)
5
Evaluate (-75 - (37 - 53)) + 25.
-34
Evaluate -30 - ((-55 - 31) + 30).
26
Evaluate (-6 + -8 - -19) + 5 + -2.
8
What is (0 - 1) + 10 + -4 + (11 - 6)?
10
What is (-7 + 2 - 5) + 6?
-4
Calculate 0 + 5 + (-75 - -80) - 1.
9
What is the value of (6 - 3 - 7) + -1 + -2 + 13?
6
What is (0 - (2 + -13)) + -1?
10
What is -11 - (-5 - 6 - -3 - -5)?
-8
Calculate (2 - 8) + (42 - 39) + 1 + -2.
-4
Calculate 14 + (-2 - 7 - -13) + -2.
16
Evaluate 51 - 56 - (-11 - -2) - (-8 - -2).
10
Evaluate -3 + (-2 - -2) - (-1 + (-4 - 1)).
3
What is the value of 24 + -3 + -3 + -13 - (-2 - -1)?
6
Evaluate -3 + 30 + 8 - ((1 - 2) + 11).
25
What is -28 + 29 - 34 - -57?
24
What is the value o